Is 4013301053 a composite number?
True
Is 29550345737 composite?
True
Is 173254108933 a prime number?
False
Is 1957459037 a composite number?
True
Is 80768113183 composite?
False
Is 907384553 a prime number?
True
Is 13706692919 prime?
True
Is 18609959741 composite?
False
Is 2134919683 a prime number?
False
Is 65272993 prime?
False
Is 21115791691 prime?
True
Is 161141665 a composite number?
True
Is 684373641719 a composite number?
False
Is 267355544429 a composite number?
False
Is 107874997 prime?
True
Is 453517781 a prime number?
True
Is 316841311 prime?
True
Is 10171231333 composite?
True
Is 11405931538 prime?
False
Is 4952782589 a prime number?
True
Is 3429703481 a prime number?
True
Is 14588512627 prime?
False
Is 116539389049 prime?
True
Is 1853189729 composite?
False
Is 40006896583 a prime number?
False
Is 32432557669 a composite number?
True
Is 27149484911 a prime number?
True
Is 13693180931 composite?
False
Is 46379874862 prime?
False
Is 726915853 a composite number?
False
Is 3102410203 a composite number?
False
Is 20808528001 a prime number?
True
Is 45762839 a composite number?
False
Is 17115435683 prime?
True
Is 26420530241 a composite number?
True
Is 188975937 composite?
True
Is 4603104937 a composite number?
True
Is 141222359 a composite number?
True
Is 3016366113 prime?
False
Is 109024350613 a composite number?
False
Is 1099803119 composite?
False
Is 45207702847 prime?
False
Is 447105802181 composite?
False
Is 24051537821 prime?
False
Is 2852341309 a prime number?
True
Is 4461073223 composite?
True
Is 72335624503 a composite number?
True
Is 2204209199 a prime number?
False
Is 5037851977 prime?
False
Is 21245196727 a prime number?
True
Is 81718318937 a composite number?
True
Is 1646730529 prime?
False
Is 223597727 composite?
True
Is 16966843 a prime number?
True
Is 14970430617 prime?
False
Is 24084538123 composite?
True
Is 1281563083 a composite number?
False
Is 4540852781 a composite number?
False
Is 119520748643 a composite number?
False
Is 2988687487 composite?
False
Is 26870994173 a prime number?
True
Is 28231894121 composite?
False
Is 105025197997 prime?
True
Is 3629279821 a composite number?
True
Is 2756468053 prime?
True
Is 407749641847 a composite number?
True
Is 5546316677 composite?
True
Is 23682384823 prime?
False
Is 115439923 a composite number?
True
Is 22056293059 a composite number?
True
Is 649947917 prime?
True
Is 9572604317 a prime number?
False
Is 1621506193 a prime number?
True
Is 77238661 a composite number?
True
Is 19564885861 prime?
True
Is 17116247809 prime?
False
Is 790210451 composite?
False
Is 4399976342 a composite number?
True
Is 33152659 a composite number?
False
Is 603612599 a prime number?
True
Is 76834466 a prime number?
False
Is 91362409849 composite?
True
Is 526515617 prime?
True
Is 10657691243 a prime number?
True
Is 770846653 composite?
True
Is 567047279 composite?
False
Is 3443469347 composite?
False
Is 6816541267 a prime number?
False
Is 14412474767 a composite number?
False
Is 81645293 a prime number?
True
Is 26592071951 composite?
True
Is 638122651 a composite number?
True
Is 98520473 prime?
False
Is 449008848641 composite?
False
Is 12100690093 a composite number?
True
Is 21562603723 a prime number?
False
Is 98475054487 prime?
False
Is 14354627191 a prime number?
True
Is 30457957507 prime?
False
Is 11964796073 a prime number?
True
Is 26918545037 composite?
True
Is 253671029063 a composite number?
True
Is 48063623 prime?
True
Is 2663773513 a composite number?
True
Is 259973699 composite?
True
Is 1340699069 composite?
True
Is 4470715759 composite?
False
Is 76788334123 composite?
False
Is 1393742033 a prime number?
True
Is 4390850197 prime?
False
Is 287097821 a composite number?
False
Is 36376001 composite?
False
Is 48591246797 a prime number?
True
Is 5832375421 a composite number?
False
Is 11313880653 composite?
True
Is 370087723 prime?
True
Is 7405697017 composite?
True
Is 72952582883 a prime number?
True
Is 28034934563 prime?
True
Is 9116521 prime?
False
Is 9534869057 a prime number?
False
Is 324976199 prime?
False
Is 26465375285 a composite number?
True
Is 36944666179 a prime number?
False
Is 48014502827 a prime number?
True
Is 445629947 prime?
False
Is 15630279311 a composite number?
False
Is 3381615221 composite?
False
Is 10112613307 a composite number?
True
Is 895930181 composite?
True
Is 173867213 composite?
True
Is 2580098321 a prime number?
True
Is 192963139 prime?
True
Is 21434449853 a composite number?
False
Is 895187599 a prime number?
False
Is 2786797313 prime?
True
Is 639549577 prime?
False
Is 2879116571 composite?
False
Is 27690644687 a composite number?
True
Is 19614891883 a prime number?
False
Is 1520612897 composite?
False
Is 247400900239 composite?
False
Is 4063084513 a prime number?
True
Is 54881387177 composite?
True
Is 4404715723 a prime number?
False
Is 25973831393 a composite number?
False
Is 67808332927 prime?
False
Is 5141846117 a composite number?
False
Is 9023387537 a prime number?
False
Is 1093724101 prime?
True
Is 136326431 prime?
True
Is 5224696153 prime?
True
Is 9484043 composite?
True
Is 8473691747 a prime number?
True
Is 32760183997 a composite number?
False
Is 1790783299 prime?
False
Is 73491319003 composite?
True
Is 5601049213 a prime number?
False
Is 141905769 a composite number?
True
Is 5050364323 a composite number?
True
Is 60133482361 a composite number?
True
Is 1979478949 a prime number?
False
Is 976440089 composite?
False
Is 765595507 composite?
False
Is 63066041 a prime number?
False
Is 12245441531 a composite number?
True
Is 3485874541 a composite number?
False
Is 4672724803 a prime number?
True
Is 9021540721 prime?
False
Is 6909190693 prime?
False
Is 87736992449 prime?
True
Is 104514582527 a composite number?
False
Is 39578323 composite?
True
Is 189968435 prime?
False
Is 3418963283 composite?
False
Is 3140605291 a prime number?
True
Is 16224065329 composite?
False
Is 63505702811 a composite number?
True
Is 7124147629 a composite number?
True
Is 2553432019 a prime number?
False
Is 244781491 composite?
True
Is 599554093 prime?
False
Is 1399790113 prime?
True
Is 432804721 composite?
False
Is 3144150341 prime?
True
Is 1366717351 composite?
False
Is 131007275747 composite?
True
Is 1753643387 composite?
False
Is 160683570757 a composite number?
False
Is 123747682897 a prime number?
False
Is 250496358349 composite?
True
Is 26957260789 a prime number?
False
Is 67013262131 prime?
False
Is 331850359 prime?
True
Is 261338383 prime?
False
Is 8215951543 a composite number?
False
Is 248105371 a prime number?
False
Is 114129758929 composite?
False
Is 13035886049 a composite number?
False
Is 261533381 composite?
False
Is 1660164643 composite?
False
Is 1777331603 prime?
True
Is 2976106303 composite?
True
Is 7249635853 a composite number?
True
Is 3804795329 prime?
False
Is 5051635307 a composite number?
False
Is 98523619 composite?
True
Is 1142635969 composite?
False
Is 9492195631 prime?
True
Is 1704324277 a prime number?
True
Is 84414871637 prime?
False
Is 1483330943 prime?
True
Is 15694978907 a composite number?
False
Is 4415904973 prime?
False
Is 157378861 a prime number?
True
Is 1195428433 composite?
False
Is 203801451517 a composite number?
True
Is 249259779523 prime?
True
Is 945514733 composite?
False
Is 3102341291 a composite number?
True
Is 161663899 prime?
True
Is 6768010511 a prime number?
False
Is 620740007 a composite number?
True
Is 294878471 prime?
False
Is 6972669149 prime?
False
Is 19136258569 prime?
False
Is 35270730007 prime?
True
Is 63469792913 a composite number?
True
Is 21312487 composite?
True
Is 78809695 prime?
False
Is 373139453 a prime number?
False
Is 12554872307 prime?
False
Is 32187847301 composite?
True
Is 1790201123 prime?
True
Is 3708857935 a prime number?
False
Is 4366527311 a prime number?
True
Is 3899726071 composite?
True
Is 719737063 prime?
True
Is 8494349807 composite?
False
Is 2673267497 a composite number?
True
Is 1995819971 prime?
False
Is 1246421063 a composite number?
False
Is 399087203 a composite number?
False
Is 3956279839 a prime number?
False
Is 592014193 a prime number?
False
Is 647547281 a prime number?
True
Is 73376052679 prime?
True
Is 396357337 composite?
True
Is 4921256803 a composite number?
True
Is 13439989 a pr